9.
85
What is the remainder when 2045 is divided by 680?
5
Calculate the remainder when 203 is divided by 71.
61
Calculate the remainder when 818 is divided by 166.
154
What is the remainder when 125 is divided by 42?
41
Calculate the remainder when 656 is divided by 29.
18
Calculate the remainder when 127 is divided by 41.
4
What is the remainder when 392 is divided by 107?
71
Calculate the remainder when 469 is divided by 97.
81
Calculate the remainder when 3706 is divided by 72.
34
What is the remainder when 813 is divided by 94?
61
What is the remainder when 1243 is divided by 310?
3
Calculate the remainder when 79 is divided by 37.
5
Calculate the remainder when 1095 is divided by 48.
39
Calculate the remainder when 637 is divided by 234.
169
What is the remainder when 264 is divided by 30?
24
Calculate the remainder when 186 is divided by 179.
7
What is the remainder when 38 is divided by 11?
5
What is the remainder when 300 is divided by 33?
3
Calculate the remainder when 956 is divided by 28.
4
Calculate the remainder when 48399 is divided by 29.
27
Calculate the remainder when 456 is divided by 228.
0
What is the remainder when 42 is divided by 28?
14
Calculate the remainder when 1088 is divided by 136.
0
Calculate the remainder when 11513 is divided by 38.
37
What is the remainder when 1487 is divided by 79?
65
What is the remainder when 91 is divided by 48?
43
What is the remainder when 156 is divided by 32?
28
Calculate the remainder when 146 is divided by 35.
6
What is the remainder when 484 is divided by 232?
20
Calculate the remainder when 313 is divided by 35.
33
What is the remainder when 268 is divided by 69?
61
Calculate the remainder when 716 is divided by 78.
14
What is the remainder when 92 is divided by 51?
41
What is the remainder when 103 is divided by 21?
19
Calculate the remainder when 10 is divided by 5.
0
What is the remainder when 37 is divided by 15?
7
Calculate the remainder when 1747 is divided by 50.
47
What is the remainder when 46 is divided by 3?
1
What is the remainder when 54 is divided by 20?
14
What is the remainder when 325 is divided by 156?
13
Calculate the remainder when 142 is divided by 45.
7
Calculate the remainder when 242 is divided by 51.
38
What is the remainder when 91 is divided by 83?
8
What is the remainder when 87 is divided by 16?
7
Calculate the remainder when 75 is divided by 38.
37
What is the remainder when 542 is divided by 187?
168
What is the remainder when 504 is divided by 57?
48
Calculate the remainder when 53 is divided by 47.
6
Calculate the remainder when 269 is divided by 136.
133
What is the remainder when 46 is divided by 6?
4
What is the remainder when 522 is divided by 15?
12
Calculate the remainder when 1150 is divided by 83.
71
Calculate the remainder when 19 is divided by 1.
0
What is the remainder when 636 is divided by 81?
69
Calculate the remainder when 530 is divided by 137.
119
Calculate the remainder when 604 is divided by 10.
4
Calculate the remainder when 2152 is divided by 98.
94
What is the remainder when 869 is divided by 67?
65
Calculate the remainder when 219 is divided by 22.
21
Calculate the remainder when 374 is divided by 71.
19
Calculate the remainder when 201 is divided by 77.
47
What is the remainder when 346 is divided by 41?
18
Calculate the remainder when 141 is divided by 75.
66
What is the remainder when 7314 is divided by 31?
29
What is the remainder when 471 is divided by 147?
30
Calculate the remainder when 79 is divided by 14.
9
What is the remainder when 257 is divided by 30?
17
Calculate the remainder when 1537 is divided by 10.
7
What is the remainder when 699 is divided by 94?
41
What is the remainder when 228 is divided by 225?
3
What is the remainder when 34 is divided by 2?
0
What is the remainder when 494 is divided by 83?
79
What is the remainder when 3048 is divided by 17?
5
What is the remainder when 3595 is divided by 14?
11
Calculate the remainder when 6132 is divided by 15.
12
What is the remainder when 719 is divided by 38?
35
Calculate the remainder when 120 is divided by 37.
9
What is the remainder when 55 is divided by 30?
25
What is the remainder when 5260 is divided by 13?
8
Calculate the remainder when 486 is divided by 236.
14
What is the remainder when 168 is divided by 16?
8
Calculate the remainder when 47 is divided by 30.
17
Calculate the remainder when 2867 is divided by 17.
11
What is the remainder when 896 is divided by 60?
56
Calculate the remainder when 2264 is divided by 15.
14
Calculate the remainder when 545 is divided by 138.
131
What is the remainder when 221 is divided by 11?
1
Calculate the remainder when 15441 is divided by 198.
195
What is the remainder when 121 is divided by 27?
13
What is the remainder when 1338 is divided by 279?
222
Calculate the remainder when 106 is divided by 36.
34
What is the remainder when 268 is divided by 132?
4
What is the remainder when 124 is divided by 5?
4
What is the remainder when 286 is divided by 60?
46
Calculate the remainder when 762 is divided by 51.
48
Calculate the remainder when 375 is divided by 78.
63
What is the remainder when 204 is divided by 57?
33
What is the remainder when 52 is divided by 8?
4
Calculate the remainder when 274 is divided by 120.
34
Calculate the remainder when 38 is divided by 31.
7
Calculate the remainder when 1063 is divided by 29.
19
What is the remainder when 158 is divided by 10?
8
What is the remainder when 126 is divided by 48?
30
What is the remainder when 655 is divided by 73?
71
What is the remainder when 50690 is divided by 76?
74
Calculate the remainder when 36 is divided by 20.
16
What is the remainder when 427 is divided by 104?
11
What is the remainder when 425 is divided by 19?
7
What is the remainder when 1583 is divided by 143?
10
What is the remainder when 216 is divided by 70?
6
What is the remainder when 701 is divided by 10?
1
What is the remainder when 107 is divided by 69?
38
What is the remainder when 854 is divided by 174?
158
What is the remainder when 206 is divided by 13?
11
What is the remainder when 1136 is divided by 25?
11
Calculate the remainder when 1105 is divided by 967.
138
Calculate the remainder when 7 is divided by 2.
1
Calculate the remainder when 221 is divided by 72.
5
What is the remainder when 2062 is divided by 51?
22
What is the remainder when 32 is divided by 15?
2
What is the remainder when 358 is divided by 30?
28
Calculate the remainder when 115 is divided by 39.
37
What is the remainder when 696 is divided by 120?
96
What is the remainder when 254 is divided by 101?
52
Calculate the remainder when 584 is divided by 42.
38
What is the remainder when 10054 is divided by 347?
338
What is the remainder when 600 is divided by 38?
30
What is the remainder when 68 is divided by 7?
5
What is the remainder when 612 is divided by 300?
12
Calculate the remainder when 385 is divided by 23.
17
Calculate the remainder when 5758 is divided by 128.
126
What is the remainder when 2687 is divided by 81?
14
What is the remainder when 9039 is divided by 15?
9
What is the remainder when 375 is divided by 209?
166
What is the remainder when 34 is divided by 6?
4
Calculate the remainder when 1385 is divided by 11.
10
Calculate the remainder when 836 is divided by 255.
71
What is the remainder when 136 is divided by 46?
44
What is the remainder when 296 is divided by 43?
38
Calculate the remainder when 2375 is divided by 11.
10
Calculate the remainder when 73 is divided by 34.
5
What is the remainder when 11982 is divided by 107?
105
What is the remainder when 299 is divided by 81?
56
What is the remainder when 696 is divided by 226?
18
Calculate the remainder when 5542 is divided by 23.
22
What is the remainder when 181 is divided by 91?
90
Calculate the remainder when 268 is divided by 39.
34
Calculate the remainder when 146 is divided by 31.
22
Calculate the remainder when 248 is divided by 111.
26
What is the remainder when 801 is divided by 11?
9
What is the remainder when 1158 is divided by 373?
39
Calculate the remainder when 230 is divided by 52.
22
Calculate the remainder when 488 is divided by 172.
144
What is the remainder when 14172 is divided by 21?
18
Calculate the remainder when 381